{"id":47,"date":"2026-04-11T11:05:24","date_gmt":"2026-04-11T11:05:24","guid":{"rendered":"http:\/\/businik.cluster121.hosting.ovh.net\/index.php\/mentions-legales\/"},"modified":"2026-04-11T11:05:24","modified_gmt":"2026-04-11T11:05:24","slug":"mentions-legales","status":"publish","type":"page","link":"https:\/\/businessasunuzual.com\/index.php\/mentions-legales\/","title":{"rendered":"Mentions l\u00e9gales"},"content":{"rendered":"<h2>\u00c9diteur du site<\/h2>\n<p>Compl\u00e9tez ici les informations l\u00e9gales de votre activit\u00e9 : d\u00e9nomination, statut, SIREN, adresse, email de contact, directeur de publication, etc.<\/p>\n<h2>H\u00e9bergement<\/h2>\n<p>Indiquez ici les coordonn\u00e9es de votre h\u00e9bergeur.<\/p>\n<h2>Propri\u00e9t\u00e9 intellectuelle<\/h2>\n<p>Pr\u00e9cisez ici les conditions d&rsquo;utilisation et la propri\u00e9t\u00e9 des contenus.<\/p>\n","protected":false},"excerpt":{"rendered":"<p>\u00c9diteur du site Compl\u00e9tez ici les informations l\u00e9gales de votre activit\u00e9 : d\u00e9nomination, statut, SIREN, adresse, email de contact, directeur de publication, etc. H\u00e9bergement Indiquez ici les coordonn\u00e9es de votre h\u00e9bergeur. Propri\u00e9t\u00e9 intellectuelle Pr\u00e9cisez ici les conditions d&rsquo;utilisation et la propri\u00e9t\u00e9 des contenus.<\/p>\n","protected":false},"author":1,"featured_media":0,"parent":0,"menu_order":0,"comment_status":"closed","ping_status":"closed","template":"","meta":{"footnotes":""},"class_list":["post-47","page","type-page","status-publish","hentry"],"_links":{"self":[{"href":"https:\/\/businessasunuzual.com\/index.php\/wp-json\/wp\/v2\/pages\/47","targetHints":{"allow":["GET"]}}],"collection":[{"href":"https:\/\/businessasunuzual.com\/index.php\/wp-json\/wp\/v2\/pages"}],"about":[{"href":"https:\/\/businessasunuzual.com\/index.php\/wp-json\/wp\/v2\/types\/page"}],"author":[{"embeddable":true,"href":"https:\/\/businessasunuzual.com\/index.php\/wp-json\/wp\/v2\/users\/1"}],"replies":[{"embeddable":true,"href":"https:\/\/businessasunuzual.com\/index.php\/wp-json\/wp\/v2\/comments?post=47"}],"version-history":[{"count":0,"href":"https:\/\/businessasunuzual.com\/index.php\/wp-json\/wp\/v2\/pages\/47\/revisions"}],"wp:attachment":[{"href":"https:\/\/businessasunuzual.com\/index.php\/wp-json\/wp\/v2\/media?parent=47"}],"curies":[{"name":"wp","href":"https:\/\/api.w.org\/{rel}","templated":true}]}}